k(o) = -884*o - 188. List the prime factors of k(-12).
2, 5, 521
Let p = 1164 + -3612. Let z = -1379 - p. What are the prime factors of z?
1069
Let n = 233978 + -165902. What are the prime factors of n?
2, 3, 31, 61
Let t = 7320 + -5122. List the prime factors of t.
2, 7, 157
Suppose -16*k = 9*k - 600. Suppose k*c = 21162 - 6930. List the prime factors of c.
593
Suppose -5*b + 4*s + 760 = 0, 4*b - 4*s + 123 = 731. Let j = 84 - 35. Let y = b - j. What are the prime factors of y?
103
Let b be (103 + -1)*(-16 + 4). Let j = 2412 + b. What are the prime factors of j?
2, 3, 11
Suppose -o - 40426 = -5*y, -7*o + 40408 = 5*y - 5*o. What are the prime factors of y?
2, 43, 47
Let v be 2*15/(-20)*(-20)/6. Suppose -v*y + 4*y + 179 = 0. List the prime factors of y.
179
Let u(d) = -d**3 + 43*d**2 + 93*d - 95. What are the prime factors of u(21)?
2, 5, 17
Let b(m) = 58*m**3 - 12*m**2 - 95*m + 1064. List the prime factors of b(10).
2, 11, 13, 199
Let t = 58107 + -35992. List the prime factors of t.
5, 4423
Let y(d) = d**3 + 12*d**2 - 7*d + 13. Let u(q) = q**3 - 37*q**2 + 72*q - 79. Let b be u(35). List the prime factors of y(b).
11, 29
Let c = 42489 - 27953. List the prime factors of c.
2, 23, 79
Suppose 4*a - 16 = -3*f, -4 = -3*a + 4*f + 8. Suppose 5*q - 2328 = 2*q + a*x, 4*x + 3880 = 5*q. List the prime factors of q.
2, 97
Suppose 0 = i - 9 + 2. Let v = -20 + 36. Suppose v*w - i*w - 1053 = 0. List the prime factors of w.
3, 13
What are the prime factors of (10325 + -2 + 10)*(4 + -3)?
10333
Let h(n) = -2*n**2 + 36*n + 277. Let c be h(-31). Let r = -1836 - c. List the prime factors of r.
5, 37
Suppose -11*b + 744 = -9*b. Let l = 711 - b. What are the prime factors of l?
3, 113
Let c be -1327 - (-6 + 10) - 2. Let t = -237 - c. List the prime factors of t.
2, 137
Suppose 0 = -15*i + 600 + 885. Let f = -78 + i. What are the prime factors of f?
3, 7
List the prime factors of (11 - (-31764)/84)*70/4.
2, 3, 5, 227
Let g = 175 + -97. Suppose 5*a + 2*m + 225 = 0, 36*a + m - 99 = 38*a. Let v = g - a. What are the prime factors of v?
5
Let z = 10 + -8. Let j be (-1)/(z + (-14)/6). Suppose -j*u = 2*y - 0*y - 174, u + 2*y - 54 = 0. What are the prime factors of u?
2, 3, 5
Let b be 54/243 - 34/(-9). Suppose -b*z = 4 - 560. What are the prime factors of z?
139
Suppose -4*t - 2*d = -27692, 0 = 3*t - d + 7270 - 28044. List the prime factors of (-3)/6 + t/8.
5, 173
Let b = -14678 + 30928. What are the prime factors of b?
2, 5, 13
Suppose 0 = -4*y + 2*k + 25 + 17, -60 = -5*y + 5*k. Let z = -12 + y. Let m(w) = 11*w**2 - 5*w - 10. What are the prime factors of m(z)?
2, 13
Let t = 281 + -129. What are the prime factors of 57/t - (-2842)/16?
2, 89
Suppose -10 = 2*k, -c + 11 = 4*k + 61. What are the prime factors of 1030/c*(-1 + -2)?
103
Suppose 13*a + 30 = 19*a. Let f(h) = 7*h**2 - h + 21. Let k be f(a). Let r = 336 - k. List the prime factors of r.
5, 29
Let f be ((-375)/(-105))/((-2)/(-14)). What are the prime factors of -7*(-4)/140 - (-24595)/f?
2, 3, 41
Let r(b) = -277*b + 579*b - 258*b + 71. What are the prime factors of r(6)?
5, 67
Suppose 44*s - 40*s + 36 = 0. What are the prime factors of s/3 - (-1 - 14)?
2, 3
Suppose 14*d - 1144860 - 468345 = -41*d. What are the prime factors of d?
3, 3259
Suppose -4*r + 32555 = -5*f, 0 = 5*r + 6*f - f - 40660. List the prime factors of r.
5, 1627
Let t = 253 + -248. Suppose 1055 + 915 = t*w. List the prime factors of w.
2, 197
Let z(u) = -u**2 - 29*u + 4. Let g = 131 - 76. Let p be 33/g - (-113)/(-5). What are the prime factors of z(p)?
2, 79
Suppose -183*o + 88*o = -750595. List the prime factors of o.
7901
Suppose 0 = 5*k - 4*a - 36, 2*k - 3*a - 12 = a. Suppose 12*p = k*p - 324. Let u = p - -189. List the prime factors of u.
2, 3
Suppose -o = -5*r - 14925, -192*r = 3*o - 190*r - 44809. List the prime factors of o.
5, 29, 103
Let p(o) = -o**3 + 10*o**2 + 9*o + 22. Let l be p(11). Suppose 2*h + j - 5*j - 954 = l, j - 4 = 0. What are the prime factors of h?
5, 97
Suppose 9*j + 15 = 14*j. Let v be -6 - -100 - j/(-1). Let t = 206 - v. List the prime factors of t.
109
Suppose 0 = -9*d + 46777 + 31884 + 32561. List the prime factors of d.
2, 37, 167
Suppose -1819 = 5*c - 2*y, -5*c - 1468 - 355 = -4*y. Let a = 543 - c. List the prime factors of a.
2, 3, 151
Suppose 55*w - 32*w + 21367 = 0. Let f = -680 - w. List the prime factors of f.
3, 83
Let x = 577 + -579. List the prime factors of 2 + 1391 + x - (-12)/12.
2, 3, 29
Suppose 2*n + 10 = 2*t, 0 = -t + 5*t + 16. List the prime factors of (-7175)/(-15) - ((-21)/n - 2).
2, 239
What are the prime factors of (-36630)/8*(0 + 6 + 26/(-3))?
2, 3, 5, 11, 37
Let g(z) be the first derivative of z - 2*z**2 + 7 + 2/3*z**3. List the prime factors of g(3).
7
Suppose g + i = 10518, -48806 - 3766 = -5*g + i. List the prime factors of g.
3, 5, 701
Let h(u) = -6*u + 31. Let a be h(4). Suppose 0*c - a*c = -4*c. Suppose c = 47*w - 46*w - 152. List the prime factors of w.
2, 19
Suppose -5*p + 121*u + 46162 = 119*u, 0 = 4*p + u - 36914. List the prime factors of p.
2, 5, 13, 71
Suppose -w = 2*c - 48891, -64*c + 24407 = -63*c - 5*w. What are the prime factors of c?
2, 11, 101
Let x(r) = 4833*r + 249. List the prime factors of x(5).
2, 3, 13, 313
List the prime factors of (2/(-6))/((-1)/18546).
2, 11, 281
Suppose 3*b = 2*v + 33480 + 4168, -5*b + 62738 = v. List the prime factors of b.
2, 3137
Let h(w) = w**2 + w - 29. Let p(k) = k. Let z(o) = h(o) + 5*p(o). Let b be ((-16)/20)/(3/(-30)). What are the prime factors of z(b)?
83
Suppose 6*n = 18 + 12. Suppose 0*q = n*q - 30. Let o(f) = 10*f**2 - 29*f + 7. List the prime factors of o(q).
193
Let q(g) be the third derivative of 9*g**6/40 + g**5/30 - g**4/12 - g**3/6 - 22*g**2. Let c be q(2). Suppose -6*m + c = -345. What are the prime factors of m?
2, 47
Let y be (-4)/10 + (-208)/(-20) + -3. Suppose z + y*z = -248. Let b = 93 - z. What are the prime factors of b?
2, 31
Suppose -6*q = 18*q. What are the prime factors of (2 - -177)/(1 + q)?
179
Let g = -12271 - -35888. What are the prime factors of g?
11, 19, 113
Suppose -237 = -5*v + 763. Suppose -2 = 6*p - 386. Let i = v - p. What are the prime factors of i?
2, 17
Let g(q) = -q**2 - 21*q - 2. Let v be g(-2). What are the prime factors of 112/6*42/v*9?
2, 7
Suppose -10*g = -36841 + 36561. Let j = -58 - -84. Suppose j*d = g*d - 188. What are the prime factors of d?
2, 47
Let f = 3413 + -3068. What are the prime factors of f?
3, 5, 23
Let t = -4035 + 3898. Suppose 0 = 6*i - 3*i + 1104. Let d = t - i. What are the prime factors of d?
3, 7, 11
Let k(j) = j**3 + 3*j**2 - j + 3. Let z be k(-2). Let d(r) = 3*r**2 + 2 - 2*r - r**2 - 5. List the prime factors of d(z).
3, 47
Suppose -4*x - 39 + 31 = 0. List the prime factors of (12/30*-89)/(x/30).
2, 3, 89
Suppose 4*p = s - 52302 + 347659, 0 = -8*p + 3*s + 590711. What are the prime factors of p?
2, 5, 13, 71
Let n = 51 + -47. Suppose -n*c = -q + 4 + 1, 4*c = 5*q - 9. Let r = c + 66. What are the prime factors of r?
5, 13
List the prime factors of (-176370)/(-8) + (-2 - 4) + 920/160.
2, 73, 151
Suppose -29 - 19 = 4*f. List the prime factors of 280/(f/(-3))*(-6)/(-2).
2, 3, 5, 7
Suppose -2*y + 195 = -5*u, y - 30 - 6 = u. Let m = -337 + 337. Let z = m - u. What are the prime factors of z?
41
Let r = -13134 + 30178. List the prime factors of r.
2, 4261
List the prime factors of (-5 - 70/(-1 - 9))/(2/23573).
11, 2143
Suppose -13 = -4*n - 13. Suppose x - 184 = -n*x. Suppose 0 = -2*f + x - 18. List the prime factors of f.
83
Let l = 37 + -73. Let j be l/27*(-30)/4. List the prime factors of (-22)/(-55) - (-176)/j.
2, 3
Suppose 39*r = 201*r - 2194539 - 1333173. What are the prime factors of r?
2, 1361
Suppose 1 + 1 = -2*t. Suppose -23*j + 30 = 7. What are the prime factors of j/((t/4)/(59/(-4)))?
59
Let a be 7 - (10/3)/(18/(-27)). Suppose -2410 = 7*o - a*o. What are the prime factors of o?
2, 241
Let z(j) = -10*j**3 - 514*j**2 - 242*j + 38. List the prime factors of z(-54).
2, 173, 257
Let q be ((-16)/20)/((-2)/430). Let m = q - 269. Let i = m + 133. What are the prime factors of i?
2, 3
Suppose q = -7*q - 24. Let k be q/12 - ((-1065)/12)/(-5). Let o = k - -29. What are the prime factors of o?
11
Let r(a) = a**2 - 11*a - 4. Suppose 4*z = -4*v + 28, 0 = 4*z + z + 5. Let d be r(v). Let t